{"id":2537,"date":"2025-12-02T14:39:14","date_gmt":"2025-12-02T14:39:14","guid":{"rendered":"https:\/\/unitours.tur.ar\/?post_type=paquetes&#038;p=2537"},"modified":"2025-12-02T14:39:14","modified_gmt":"2025-12-02T14:39:14","slug":"valle-hermoso-01-04-2026","status":"publish","type":"paquetes","link":"https:\/\/unitours.tur.ar\/?paquetes=valle-hermoso-01-04-2026","title":{"rendered":"VALLE HERMOSO &#8211; 01\/04\/2026"},"content":{"rendered":"<div class=\"uSg02\">\n<div class=\"DrnCK\">\n<div class=\"HwXOf\">\n<div class=\"kcAOr t9ThB\" data-testid=\"RecipientWell\">\n<div data-tabster=\"{&quot;mover&quot;:{&quot;cyclic&quot;:false,&quot;direction&quot;:2,&quot;memorizeCurrent&quot;:false}}\">\n<div class=\"___sj378o0 fly5x3f f1l02sjl f113hnb5\">\n<div class=\"EditorClass ___ok1c3p0 ftgm304 fr7e4de f1ids18y f1ohdurq f1fa7rqs f1ee13vk fkhj508 f1hu3pq6 f11qmguv fly5x3f f1g0x7ka fhxju0i f1qch9an f1cnd47f f19f4twv f1tyq0we fz5stix g7toD\" tabindex=\"-1\" role=\"edit\" aria-multiline=\"true\" aria-readonly=\"true\" aria-label=\"Para: Eric Renner &lt;ericrennerunitours@gmail.com&gt;\">?<\/div>\n<\/div>\n<\/div>\n<\/div>\n<\/div>\n<\/div>\n<\/div>\n<div role=\"document\">\n<div id=\"UniqueMessageBody_2\" class=\"XbIp4 jmmB7 customScrollBar GNqVo allowTextSelection OuGoX\" tabindex=\"0\" aria-label=\"Cuerpo del mensaje\">\n<div class=\"BIZfh\">\n<div>\n<div class=\"rps_afb2\">\n<div dir=\"ltr\">\n<div class=\"x_elementToProof\"><b>VALLE HERMOSO<\/b><\/div>\n<div class=\"x_elementToProof\"><b>\u00a0<\/b><\/div>\n<div class=\"x_elementToProof\">Salida : 01\/04\/2026<\/div>\n<div class=\"x_elementToProof\">Regreso : 05\/04\/2026<\/div>\n<div class=\"x_elementToProof\">Duraci\u00f3n del tour: 5 d\u00edas \/ 3 noches<\/div>\n<div class=\"x_elementToProof\">R\u00e9gimen : PENSION COMPLETA<\/div>\n<div class=\"x_elementToProof\">Servicio en bus con coordinaci\u00f3n permanente<\/div>\n<div class=\"x_elementToProof\"><\/div>\n<div class=\"x_elementToProof\">ITINERARIO<\/div>\n<div class=\"x_elementToProof\"><\/div>\n<div class=\"x_elementToProof\"><b><u>DIA 01:<\/u><\/b>\u00a0Salida desde Bah\u00eda Blanca, en horas de la tarde, rumbo a Valle Hermoso. Noche en ruta.<\/div>\n<div class=\"x_elementToProof\"><\/div>\n<div class=\"x_elementToProof\"><b><u>DIA 02:<\/u><\/b>\u00a0Llegada a destino en horas del mediod\u00eda. Alojamiento en el hotel previsto. Almuerzo. Tarde libre. Cena.<\/div>\n<div class=\"x_elementToProof\"><\/div>\n<div class=\"x_elementToProof\"><b><u>DIA 03:<\/u><\/b>\u00a0Desayuno. Ma\u00f1ana libre. Almuerzo. Por la tarde, recomendamos en<b>\u00a0forma opcional<\/b>, tomar la excursi\u00f3n a Capilla del Monte y Los Cocos. Ambos lugares son reconocidos por ser lugares tur\u00edsticos t\u00edpicos de la Provincia de C\u00f3rdoba. Regreso al hotel. Cena.<\/div>\n<div class=\"x_elementToProof\"><\/div>\n<div class=\"x_elementToProof\"><b><u>DIA 04:<\/u><\/b>\u00a0Desayuno. Ma\u00f1ana libre. Almuerzo. Por la tarde, y en\u00a0<b>forma opcional<\/b>, se recomienda tomar una excursi\u00f3n a Villa Carlos Paz. Visitaremos el camino de las cien curvas y la Plaza Federal. Tiempo libre para recorrer el centro. regreso al hotel. Cena.<\/div>\n<div class=\"x_elementToProof\"><\/div>\n<div class=\"x_elementToProof\"><b><u>DIA 05:<\/u><\/b>\u00a0Desayuno. Posterior partida a nuestro destino final, arribando a ultimas horas de la jornada. FIN DE NUESTROS SERVICIOS.<\/div>\n<div class=\"x_elementToProof\"><\/div>\n<div class=\"x_elementToProof\"><b><u>EXCURSIONES OPCIONALES<\/u><\/b><\/div>\n<div class=\"x_elementToProof\"><b><u>\u00a0<\/u><\/b><\/div>\n<ul data-editing-info=\"{&quot;applyListStyleFromLevel&quot;:false,&quot;unorderedStyleType&quot;:2}\">\n<li>\n<div class=\"x_elementToProof\" role=\"presentation\">CAPILLA DEL MONTE Y LOS COCOS<\/div>\n<\/li>\n<li>\n<div class=\"x_elementToProof\" role=\"presentation\">VILLA CARLOS PAZ<\/div>\n<\/li>\n<\/ul>\n<\/div>\n<\/div>\n<\/div>\n<\/div>\n<\/div>\n<\/div>\n","protected":false},"excerpt":{"rendered":"<p>? VALLE HERMOSO \u00a0 Salida : 01\/04\/2026 Regreso : 05\/04\/2026 Duraci\u00f3n del tour: 5 d\u00edas \/ 3 noches R\u00e9gimen [&hellip;]<\/p>\n","protected":false},"featured_media":0,"template":"","meta":[],"paquetes_details":{"_pt_splitter_output":["[]"],"_edit_lock":["1764686353:2"],"_edit_last":["2"],"precio":[" 449.000.-"],"ratings_users":["1"],"ratings_score":["3"],"ratings_average":["3"]},"_links":{"self":[{"href":"https:\/\/unitours.tur.ar\/index.php?rest_route=\/wp\/v2\/paquetes\/2537"}],"collection":[{"href":"https:\/\/unitours.tur.ar\/index.php?rest_route=\/wp\/v2\/paquetes"}],"about":[{"href":"https:\/\/unitours.tur.ar\/index.php?rest_route=\/wp\/v2\/types\/paquetes"}],"version-history":[{"count":1,"href":"https:\/\/unitours.tur.ar\/index.php?rest_route=\/wp\/v2\/paquetes\/2537\/revisions"}],"predecessor-version":[{"id":2538,"href":"https:\/\/unitours.tur.ar\/index.php?rest_route=\/wp\/v2\/paquetes\/2537\/revisions\/2538"}],"wp:attachment":[{"href":"https:\/\/unitours.tur.ar\/index.php?rest_route=%2Fwp%2Fv2%2Fmedia&parent=2537"}],"curies":[{"name":"wp","href":"https:\/\/api.w.org\/{rel}","templated":true}]}}

<div class="uSg02">
<div class="DrnCK">
<div class="HwXOf">
<div class="kcAOr t9ThB" data-testid="RecipientWell">
<div data-tabster="{&quot;mover&quot;:{&quot;cyclic&quot;:false,&quot;direction&quot;:2,&quot;memorizeCurrent&quot;:false}}">
<div class="___sj378o0 fly5x3f f1l02sjl f113hnb5">
<div class="EditorClass ___ok1c3p0 ftgm304 fr7e4de f1ids18y f1ohdurq f1fa7rqs f1ee13vk fkhj508 f1hu3pq6 f11qmguv fly5x3f f1g0x7ka fhxju0i f1qch9an f1cnd47f f19f4twv f1tyq0we fz5stix g7toD" tabindex="-1" role="edit" aria-multiline="true" aria-readonly="true" aria-label="Para: Eric Renner &lt;ericrennerunitours@gmail.com&gt;">?</div>
</div>
</div>
</div>
</div>
</div>
</div>
<div role="document">
<div id="UniqueMessageBody_2" class="XbIp4 jmmB7 customScrollBar GNqVo allowTextSelection OuGoX" tabindex="0" aria-label="Cuerpo del mensaje">
<div class="BIZfh">
<div>
<div class="rps_afb2">
<div dir="ltr">
<div class="x_elementToProof"><b>VALLE HERMOSO</b></div>
<div class="x_elementToProof"><b> </b></div>
<div class="x_elementToProof">Salida : 01/04/2026</div>
<div class="x_elementToProof">Regreso : 05/04/2026</div>
<div class="x_elementToProof">Duración del tour: 5 días / 3 noches</div>
<div class="x_elementToProof">Régimen : PENSION COMPLETA</div>
<div class="x_elementToProof">Servicio en bus con coordinación permanente</div>
<div class="x_elementToProof"></div>
<div class="x_elementToProof">ITINERARIO</div>
<div class="x_elementToProof"></div>
<div class="x_elementToProof"><b><u>DIA 01:</u></b> Salida desde Bahía Blanca, en horas de la tarde, rumbo a Valle Hermoso. Noche en ruta.</div>
<div class="x_elementToProof"></div>
<div class="x_elementToProof"><b><u>DIA 02:</u></b> Llegada a destino en horas del mediodía. Alojamiento en el hotel previsto. Almuerzo. Tarde libre. Cena.</div>
<div class="x_elementToProof"></div>
<div class="x_elementToProof"><b><u>DIA 03:</u></b> Desayuno. Mañana libre. Almuerzo. Por la tarde, recomendamos en<b> forma opcional</b>, tomar la excursión a Capilla del Monte y Los Cocos. Ambos lugares son reconocidos por ser lugares turísticos típicos de la Provincia de Córdoba. Regreso al hotel. Cena.</div>
<div class="x_elementToProof"></div>
<div class="x_elementToProof"><b><u>DIA 04:</u></b> Desayuno. Mañana libre. Almuerzo. Por la tarde, y en <b>forma opcional</b>, se recomienda tomar una excursión a Villa Carlos Paz. Visitaremos el camino de las cien curvas y la Plaza Federal. Tiempo libre para recorrer el centro. regreso al hotel. Cena.</div>
<div class="x_elementToProof"></div>
<div class="x_elementToProof"><b><u>DIA 05:</u></b> Desayuno. Posterior partida a nuestro destino final, arribando a ultimas horas de la jornada. FIN DE NUESTROS SERVICIOS.</div>
<div class="x_elementToProof"></div>
<div class="x_elementToProof"><b><u>EXCURSIONES OPCIONALES</u></b></div>
<div class="x_elementToProof"><b><u> </u></b></div>
<ul data-editing-info="{&quot;applyListStyleFromLevel&quot;:false,&quot;unorderedStyleType&quot;:2}">
<li>
<div class="x_elementToProof" role="presentation">CAPILLA DEL MONTE Y LOS COCOS</div>
</li>
<li>
<div class="x_elementToProof" role="presentation">VILLA CARLOS PAZ</div>
</li>
</ul>
</div>
</div>
</div>
</div>
</div>
</div>

<p>? VALLE HERMOSO   Salida : 01/04/2026 Regreso : 05/04/2026 Duración del tour: 5 días / 3 noches Régimen [&hellip;]</p>
